en 191142 is divided by 13649?
56
Calculate the remainder when 189800 is divided by 63261.
17
Calculate the remainder when 26975 is divided by 626.
57
Calculate the remainder when 9163 is divided by 60.
43
Calculate the remainder when 436 is divided by 213.
10
What is the remainder when 46242 is divided by 2936?
2202
Calculate the remainder when 36392 is divided by 54.
50
Calculate the remainder when 1364 is divided by 604.
156
What is the remainder when 14327 is divided by 10?
7
What is the remainder when 20491189 is divided by 543?
541
What is the remainder when 396876 is divided by 634?
626
Calculate the remainder when 849 is divided by 17.
16
What is the remainder when 33961 is divided by 690?
151
What is the remainder when 34482 is divided by 148?
146
Calculate the remainder when 16880 is divided by 8439.
2
Calculate the remainder when 79651 is divided by 235.
221
What is the remainder when 4034 is divided by 1294?
152
What is the remainder when 1054 is divided by 481?
92
What is the remainder when 70288 is divided by 8?
0
What is the remainder when 11045 is divided by 223?
118
What is the remainder when 34713 is divided by 34377?
336
Calculate the remainder when 34162 is divided by 1617.
205
Calculate the remainder when 1001875 is divided by 32.
19
Calculate the remainder when 1815 is divided by 888.
39
Calculate the remainder when 2098 is divided by 450.
298
What is the remainder when 14141 is divided by 17?
14
What is the remainder when 208712 is divided by 48?
8
What is the remainder when 39967 is divided by 918?
493
What is the remainder when 12789 is divided by 1007?
705
What is the remainder when 1006 is divided by 357?
292
Calculate the remainder when 521193 is divided by 13.
10
What is the remainder when 35344 is divided by 56?
8
Calculate the remainder when 22292 is divided by 2783.
28
Calculate the remainder when 38801 is divided by 124.
113
Calculate the remainder when 8224 is divided by 91.
34
Calculate the remainder when 378870 is divided by 2.
0
Calculate the remainder when 58380 is divided by 9730.
0
What is the remainder when 60565 is divided by 206?
1
What is the remainder when 85687 is divided by 85566?
121
Calculate the remainder when 22569 is divided by 253.
52
Calculate the remainder when 158150 is divided by 286.
278
Calculate the remainder when 587 is divided by 549.
38
What is the remainder when 563 is divided by 180?
23
Calculate the remainder when 4212 is divided by 357.
285
Calculate the remainder when 208427 is divided by 369.
311
What is the remainder when 1869 is divided by 1696?
173
What is the remainder when 36485 is divided by 193?
8
Calculate the remainder when 24245 is divided by 377.
117
Calculate the remainder when 7126197 is divided by 18.
15
What is the remainder when 3006937 is divided by 772?
769
What is the remainder when 14354 is divided by 1428?
74
Calculate the remainder when 881549 is divided by 9.
8
Calculate the remainder when 1671556 is divided by 44.
40
Calculate the remainder when 335661 is divided by 27.
24
Calculate the remainder when 2403 is divided by 470.
53
What is the remainder when 33697 is divided by 283?
20
Calculate the remainder when 128998 is divided by 2931.
34
Calculate the remainder when 2151 is divided by 1989.
162
Calculate the remainder when 64944 is divided by 7.
5
Calculate the remainder when 12911 is divided by 275.
261
What is the remainder when 14554 is divided by 115?
64
Calculate the remainder when 349500 is divided by 69897.
15
Calculate the remainder when 77963 is divided by 46.
39
What is the remainder when 139834 is divided by 1589?
2
Calculate the remainder when 359051 is divided by 2112.
11
Calculate the remainder when 62922 is divided by 155.
147
Calculate the remainder when 88871 is divided by 8.
7
What is the remainder when 23633 is divided by 2423?
1826
What is the remainder when 151508 is divided by 777?
770
Calculate the remainder when 1024 is divided by 10.
4
Calculate the remainder when 4691 is divided by 26.
11
Calculate the remainder when 112713 is divided by 93.
90
What is the remainder when 5705 is divided by 227?
30
What is the remainder when 3001 is divided by 854?
439
Calculate the remainder when 347 is divided by 161.
25
What is the remainder when 65069 is divided by 482?
481
Calculate the remainder when 2939998 is divided by 949.
945
What is the remainder when 262 is divided by 31?
14
What is the remainder when 1726 is divided by 84?
46
What is the remainder when 26814 is divided by 338?
112
What is the remainder when 4384419 is divided by 294?
291
What is the remainder when 70663 is divided by 1024?
7
Calculate the remainder when 505599 is divided by 632.
631
Calculate the remainder when 12156 is divided by 1094.
122
What is the remainder when 4849 is divided by 9?
7
What is the remainder when 130628 is divided by 628?
4
What is the remainder when 15177 is divided by 24?
9
Calculate the remainder when 161040 is divided by 14.
12
Calculate the remainder when 1287 is divided by 251.
32
Calculate the remainder when 7038 is divided by 2069.
831
What is the remainder when 14144 is divided by 7060?
24
Calculate the remainder when 3774 is divided by 13.
4
What is the remainder when 716688 is divided by 481?
479
What is the remainder when 59230 is divided by 47?
10
What is the remainder when 95135 is divided by 23783?
3
What is the remainder when 173602 is divided by 195?
52
Calculate the remainder when 9601 is divided by 1224.
1033
Calculate the remainder when 3407 is divided by 118.
103
Calculate the remainder when 438190 is divided by 219089.
12
Calculate the remainder when 81701 is divided by 619.
612
Calculate the remainder when 12173 is divided by 155.
83
Calculate the remainder when 195926 is divided by 59.
46
What is the remainder when 12967 is divided by 2131?
181
Calculate the remainder when 15797 is divided by 2250.
47
Calculate the remainder when 5727 is divided by 337.
335
What is the remainder when 7603 is divided by 94?
83
What is the remainder when 49881 is divided by 10?
1
Calculate the remainder when 3524 is divided by 810.
284
Calculate the remainder when 2504 is divided by 8.
0
Calculate the remainder when 10883 is divided by 550.
433
What is the remainder when 21373 is divided by 41?
12
What is the remainder when 54408 is divided by 755?
48
Calculate the remainder when 16664 is divided by 3.
2
Calculate the remainder when 75539 is divided by 18883.
7
What is the remainder when 4820 is divided by 7?
4
Calculate the remainder when 111447 is divided by 12380.
27
Calculate the remainder when 375995 is divided by 94.
89
What is the remainder when 123881 is divided by 2528?
9
Calculate the remainder when 15636 is divided by 3120.
36
Calculate the remainder when 1301 is divided by 8.
5
Calculate the remainder when 85048 is divided by 162.
160
Calculate the remainder when 9115 is divided by 1288.
99
What is the remainder when 3860 is divided by 57?
41
What is the remainder when 677940 is divided by 189?
186
Calculate the remainder when 7239 is divided by 196.
183
Calculate the remainder when 33737 is divided by 27.
14
What is the remainder when 2402 is divided by 783?
53
Calculate the remainder when 28356 is divided by 4637.
534
Calculate the remainder when 12980 is divided by 62.
22
Calculate the remainder when 41510 is divided by 73.
46
Calculate the remainder when 1057977 is divided by 23.
0
Calculate the remainder when 13419 is divided by 13363.
56
What is the remainder when 66678 is divided by 11?
7
What is the remainder when 7238 is divided by 134?
2
What is the remainder when 40605 is divided by 15?
0
What is the remainder when 15379187 is divided by 526?
525
What is the remainder when 94486 is divided by 93?
91
Calculate the remainder when 1433 is divided by 49.
12
Calculate the remainder when 37996 is divided by 447.
1
Calculate the remainder when 4628 is divided by 658.
22
Calculate the remainder when 849 is divided by 285.
279
Calculate the remainder when 49275 is divided by 19.
8
Calculate the remainder when 826381 is divided by 137.
134
What is the remainder when 124556 is divided by 12?
8
What is the remainder when 2658 is divided by 897?
864
Calculate the remainder when 4555 is divided by 207.
1
What is the remain